{"id":144,"date":"2025-09-10T16:09:44","date_gmt":"2025-09-10T16:09:44","guid":{"rendered":"https:\/\/mecanix.com.tr\/?page_id=144"},"modified":"2025-09-10T16:09:44","modified_gmt":"2025-09-10T16:09:44","slug":"3555-2","status":"publish","type":"page","link":"https:\/\/mecanix.com.tr\/?page_id=144","title":{"rendered":"3555"},"content":{"rendered":"\n<div class=\"wp-block-group alignfull has-global-padding is-layout-constrained wp-block-group-is-layout-constrained\" style=\"margin-top:0;margin-bottom:0;padding-top:var(--wp--preset--spacing--50);padding-bottom:var(--wp--preset--spacing--50)\">\n<div class=\"wp-block-columns alignwide is-layout-flex wp-container-core-columns-is-layout-47c06fe3 wp-block-columns-is-layout-flex\">\n<div class=\"wp-block-column is-layout-flow wp-block-column-is-layout-flow\" style=\"flex-basis:56%\">\n<figure class=\"wp-block-gallery has-nested-images columns-default is-cropped wp-block-gallery-1 is-layout-flex wp-block-gallery-is-layout-flex\">\n<figure class=\"wp-block-image size-full\"><img loading=\"lazy\" decoding=\"async\" width=\"1080\" height=\"1920\" data-id=\"145\" src=\"https:\/\/mecanix.com.tr\/wp-content\/uploads\/2025\/09\/3525IC.jpg\" alt=\"\" class=\"wp-image-145\" style=\"aspect-ratio:1;object-fit:cover\" srcset=\"https:\/\/mecanix.com.tr\/wp-content\/uploads\/2025\/09\/3525IC.jpg 1080w, https:\/\/mecanix.com.tr\/wp-content\/uploads\/2025\/09\/3525IC-169x300.jpg 169w, https:\/\/mecanix.com.tr\/wp-content\/uploads\/2025\/09\/3525IC-576x1024.jpg 576w, https:\/\/mecanix.com.tr\/wp-content\/uploads\/2025\/09\/3525IC-768x1365.jpg 768w, https:\/\/mecanix.com.tr\/wp-content\/uploads\/2025\/09\/3525IC-864x1536.jpg 864w\" sizes=\"auto, (max-width: 1080px) 100vw, 1080px\" \/><\/figure>\n<\/figure>\n<\/div>\n\n\n\n<div class=\"wp-block-column is-vertically-aligned-center is-layout-flow wp-container-core-column-is-layout-119bc444 wp-block-column-is-layout-flow\">\n<h2 class=\"wp-block-heading\">3555 PROFESYONEL F\u00d6N MAK\u0130NES\u0130<\/h2>\n\n\n\n<p><\/p>\n<\/div>\n<\/div>\n<\/div>\n\n\n\n<div class=\"wp-block-group alignfull has-global-padding is-layout-constrained wp-block-group-is-layout-constrained\" style=\"margin-top:0;margin-bottom:0;padding-top:var(--wp--preset--spacing--50);padding-bottom:var(--wp--preset--spacing--50)\">\n<p>Mecanix 3555 2500W Profesyonel f\u00f6n makinesi 220V AC uzun \u00f6m\u00fcrl\u00fc motor 2 h\u0131z ayar\u0131 2 s\u0131cakl\u0131k ayar\u0131 2,7metre kablo Metal filtre 2 boy a\u011f\u0131zl\u0131k 1 dalgal\u0131 sa\u00e7 kurutma aparat\u0131 vigo T\u00fcrk Mal\u0131<\/p>\n<\/div>\n\n\n\n<div class=\"wp-block-group alignfull has-global-padding is-layout-constrained wp-block-group-is-layout-constrained\" style=\"margin-top:0;margin-bottom:0;padding-top:var(--wp--preset--spacing--50);padding-bottom:var(--wp--preset--spacing--50)\">\n<div class=\"wp-block-group alignwide is-layout-grid wp-container-core-group-is-layout-21f393a4 wp-block-group-is-layout-grid\">\n<figure class=\"wp-block-image size-full wp-container-content-79286276\"><img loading=\"lazy\" decoding=\"async\" width=\"1734\" height=\"2124\" src=\"https:\/\/mecanix.com.tr\/wp-content\/uploads\/2025\/09\/3555-6.jpg\" alt=\"\" class=\"wp-image-147\" style=\"aspect-ratio:1;object-fit:cover\" srcset=\"https:\/\/mecanix.com.tr\/wp-content\/uploads\/2025\/09\/3555-6.jpg 1734w, https:\/\/mecanix.com.tr\/wp-content\/uploads\/2025\/09\/3555-6-245x300.jpg 245w, https:\/\/mecanix.com.tr\/wp-content\/uploads\/2025\/09\/3555-6-836x1024.jpg 836w, https:\/\/mecanix.com.tr\/wp-content\/uploads\/2025\/09\/3555-6-768x941.jpg 768w, https:\/\/mecanix.com.tr\/wp-content\/uploads\/2025\/09\/3555-6-1254x1536.jpg 1254w, https:\/\/mecanix.com.tr\/wp-content\/uploads\/2025\/09\/3555-6-1672x2048.jpg 1672w\" sizes=\"auto, (max-width: 1734px) 100vw, 1734px\" \/><\/figure>\n\n\n\n<figure class=\"wp-block-image size-full\"><img loading=\"lazy\" decoding=\"async\" width=\"1674\" height=\"1944\" src=\"https:\/\/mecanix.com.tr\/wp-content\/uploads\/2025\/09\/3555-5.jpg\" alt=\"\" class=\"wp-image-148\" style=\"aspect-ratio:1;object-fit:cover\" srcset=\"https:\/\/mecanix.com.tr\/wp-content\/uploads\/2025\/09\/3555-5.jpg 1674w, https:\/\/mecanix.com.tr\/wp-content\/uploads\/2025\/09\/3555-5-258x300.jpg 258w, https:\/\/mecanix.com.tr\/wp-content\/uploads\/2025\/09\/3555-5-882x1024.jpg 882w, https:\/\/mecanix.com.tr\/wp-content\/uploads\/2025\/09\/3555-5-768x892.jpg 768w, https:\/\/mecanix.com.tr\/wp-content\/uploads\/2025\/09\/3555-5-1323x1536.jpg 1323w\" sizes=\"auto, (max-width: 1674px) 100vw, 1674px\" \/><\/figure>\n\n\n\n<figure class=\"wp-block-image size-full\"><img loading=\"lazy\" decoding=\"async\" width=\"1080\" height=\"1080\" src=\"https:\/\/mecanix.com.tr\/wp-content\/uploads\/2025\/09\/3555GAGAVIGO.jpg\" alt=\"\" class=\"wp-image-149\" style=\"aspect-ratio:1;object-fit:cover\" srcset=\"https:\/\/mecanix.com.tr\/wp-content\/uploads\/2025\/09\/3555GAGAVIGO.jpg 1080w, https:\/\/mecanix.com.tr\/wp-content\/uploads\/2025\/09\/3555GAGAVIGO-300x300.jpg 300w, https:\/\/mecanix.com.tr\/wp-content\/uploads\/2025\/09\/3555GAGAVIGO-1024x1024.jpg 1024w, https:\/\/mecanix.com.tr\/wp-content\/uploads\/2025\/09\/3555GAGAVIGO-150x150.jpg 150w, https:\/\/mecanix.com.tr\/wp-content\/uploads\/2025\/09\/3555GAGAVIGO-768x768.jpg 768w\" sizes=\"auto, (max-width: 1080px) 100vw, 1080px\" \/><\/figure>\n<\/div>\n<\/div>\n\n\n\n<p><strong>C\u0130HAZIN KULLANILMASI<\/strong><\/p>\n\n\n\n<p>Cihaz\u0131n devir d\u00fc\u011fmesini 0 konumuna getirdikten sonra cihaz\u0131n fi\u015fini prize sokun.<\/p>\n\n\n\n<p>Cihaz\u0131n devir d\u00fc\u011fmesini 1 veya 2 konumuna getirerek istenilen motor devrine ula\u015f\u0131n.<\/p>\n\n\n\n<p>Is\u0131t\u0131c\u0131 d\u00fc\u011fmesini 1 veya 2 konumuna getirerek istenilen s\u0131cakl\u0131\u011fa ula\u015f\u0131n.<\/p>\n\n\n\n<p>Cihaz\u0131 kulland\u0131ktan sonra d\u00fc\u011fmelerini 0 konumuna getirin<\/p>\n\n\n\n<p><strong>&nbsp;TA\u015eIMA VE NAKL\u0130YE<\/strong><\/p>\n\n\n\n<p>\u00dcr\u00fcn\u00fcm\u00fcz korumal\u0131 karton koli i\u00e7erisinde ta\u015f\u0131nmakta ve m\u00fc\u015fteriye bu \u015fekilde teslim edilmektedir.<\/p>\n\n\n\n<p>Ambalaj a\u00e7\u0131ld\u0131\u011f\u0131nda k\u0131r\u0131k, \u00e7izik, hatal\u0131 veya kullan\u0131lamaz haldeki \u00fcr\u00fcnler i\u00e7in firmam\u0131z veya yetkili servislerimizle irtibata ge\u00e7ilmesi gerekmektedir.<\/p>\n\n\n\n<p><strong>KULLANIM HATALARI<\/strong><\/p>\n\n\n\n<p>\u00dcr\u00fcn\u00fcm\u00fcz \u00fcretim hatalar\u0131nda do\u011fan her t\u00fcrl\u00fc hatalar\u0131 firmam\u0131z garantisi alt\u0131ndad\u0131r.<\/p>\n\n\n\n<p>Kullan\u0131c\u0131 hatalar\u0131nda do\u011fan ar\u0131zalar kullan\u0131c\u0131 taraf\u0131ndan kar\u015f\u0131lan\u0131r. Garanti s\u00fcresi onar\u0131mdan sonra devam eder.<\/p>\n\n\n\n<p><strong>BAKIM, ONARIM, \u00dcR\u00dcN TEM\u0130ZL\u0130\u011e\u0130&nbsp; VE PER\u0130YOD\u0130K&nbsp; BAKIM B\u0130LG\u0130LER\u0130<\/strong><\/p>\n\n\n\n<p>Sat\u0131\u015f tarihinden itibaren 30 g\u00fcn i\u00e7inde ar\u0131zalanan \u00fcr\u00fcnler yenisi ile de\u011fi\u015ftirilir. Sat\u0131\u015f tarihinden itibaren 30 g\u00fcnden fazla s\u00fcrede ar\u0131zalanan \u00fcr\u00fcnlerin onar\u0131m\u0131 \u00fccretsiz yap\u0131l\u0131r.<\/p>\n\n\n\n<p>Ar\u0131zalanan \u00fcr\u00fcnler i\u00e7in sat\u0131c\u0131 firma veya \u00fcretici firma ile irtibata ge\u00e7iniz.<\/p>\n\n\n\n<p>Yetkili servis d\u0131\u015f\u0131ndaki m\u00fcdahaleler \u00fcr\u00fcn\u00fcn garanti kapsam\u0131 d\u0131\u015f\u0131nda b\u0131rak\u0131r.<\/p>\n\n\n\n<p>Ar\u0131za durumlar\u0131nda yaln\u0131zca anla\u015fmal\u0131 oldu\u011fumuz kargolar ile g\u00f6nderilen \u00fcr\u00fcnlerin kabul\u00fc yap\u0131lacakt\u0131r. Onar\u0131m sonunda kargo \u00fccreti sat\u0131c\u0131 firma yada \u00fcretici firma taraf\u0131ndan kar\u015f\u0131lan\u0131r.<\/p>\n\n\n\n<p>Cihaz\u0131n filtresini s\u0131k s\u0131k temizleyiniz.<\/p>\n\n\n\n<p>Besleme kordonu hasarlan\u0131rsa, bu kordon, tehlikeli bir duruma engel olmak i\u00e7in, imalat\u00e7\u0131s\u0131 veya onun servis acentesi ya da ayn\u0131 derecede ehil bir personel taraf\u0131ndan de\u011fi\u015ftirilmelidir.<\/p>\n\n\n\n<p>&nbsp;<strong>MONTAJ B\u0130LG\u0130LER\u0130<\/strong><\/p>\n\n\n\n<p>\u00dcr\u00fcn\u00fcm\u00fcz ambalaj\u0131ndan montaj edilmi\u015f olarak \u00e7\u0131kmaktad\u0131r. Herhangi bir montaj i\u015flemine gerek bulunmamaktad\u0131r.<\/p>\n\n\n\n<p><strong>TEKN\u0130K \u00d6ZELL\u0130KLER<\/strong><\/p>\n\n\n\n<figure class=\"wp-block-table\"><table class=\"has-fixed-layout\"><tbody><tr><td><strong>MODEL<\/strong><\/td><td><strong>3555<\/strong><\/td><\/tr><tr><td><strong>ISITICI G\u00dcC\u00dc<\/strong><\/td><td><strong>2500W<\/strong><\/td><\/tr><tr><td><strong>\u015eEBEKE GER\u0130L\u0130M\u0130 VE FREKANSI<\/strong><\/td><td><strong>230V-50Hz<\/strong><\/td><\/tr><\/tbody><\/table><\/figure>\n\n\n\n<p><strong>\u0130MALAT\u00c7I F\u0130RMA:<\/strong> &nbsp;&nbsp;&nbsp;&nbsp;&nbsp;&nbsp; <strong>:<\/strong><\/p>\n\n\n\n<p>ALLMAC ELEKTRON\u0130K \u0130TH.\u0130HR.SAN.T\u0130C.LTD.\u015eT\u0130<\/p>\n\n\n\n<p>5788\/5 SK. NO:7\/A KARABA\u011eLAR \u0130ZM\u0130R<\/p>\n\n\n\n<p><a href=\"TEL:02324332621\">TEL:02324332621<\/a><\/p>\n","protected":false},"excerpt":{"rendered":"<p>3555 PROFESYONEL F\u00d6N MAK\u0130NES\u0130 Mecanix 3555 2500W Profesyonel f\u00f6n makinesi 220V AC uzun \u00f6m\u00fcrl\u00fc motor 2 h\u0131z ayar\u0131 2 s\u0131cakl\u0131k ayar\u0131 2,7metre kablo Metal filtre 2 boy a\u011f\u0131zl\u0131k 1 dalgal\u0131 sa\u00e7 kurutma aparat\u0131 vigo T\u00fcrk Mal\u0131 C\u0130HAZIN KULLANILMASI Cihaz\u0131n devir d\u00fc\u011fmesini 0 konumuna getirdikten sonra cihaz\u0131n fi\u015fini prize sokun. Cihaz\u0131n devir d\u00fc\u011fmesini 1 veya 2 [&hellip;]<\/p>\n","protected":false},"author":1,"featured_media":0,"parent":0,"menu_order":0,"comment_status":"closed","ping_status":"closed","template":"","meta":{"footnotes":""},"class_list":["post-144","page","type-page","status-publish","hentry"],"_links":{"self":[{"href":"https:\/\/mecanix.com.tr\/index.php?rest_route=\/wp\/v2\/pages\/144","targetHints":{"allow":["GET"]}}],"collection":[{"href":"https:\/\/mecanix.com.tr\/index.php?rest_route=\/wp\/v2\/pages"}],"about":[{"href":"https:\/\/mecanix.com.tr\/index.php?rest_route=\/wp\/v2\/types\/page"}],"author":[{"embeddable":true,"href":"https:\/\/mecanix.com.tr\/index.php?rest_route=\/wp\/v2\/users\/1"}],"replies":[{"embeddable":true,"href":"https:\/\/mecanix.com.tr\/index.php?rest_route=%2Fwp%2Fv2%2Fcomments&post=144"}],"version-history":[{"count":1,"href":"https:\/\/mecanix.com.tr\/index.php?rest_route=\/wp\/v2\/pages\/144\/revisions"}],"predecessor-version":[{"id":151,"href":"https:\/\/mecanix.com.tr\/index.php?rest_route=\/wp\/v2\/pages\/144\/revisions\/151"}],"wp:attachment":[{"href":"https:\/\/mecanix.com.tr\/index.php?rest_route=%2Fwp%2Fv2%2Fmedia&parent=144"}],"curies":[{"name":"wp","href":"https:\/\/api.w.org\/{rel}","templated":true}]}}